vided by 33.
28
Let q = -83 - -85. What is the remainder when 2 is divided by q?
0
Suppose 5*r - 2*c = c + 46, 2*r + 3*c = 31. Calculate the remainder when r is divided by ((-520)/45)/(-2) - (-4)/18.
5
Let u = 3 - 0. Calculate the remainder when 24 is divided by u.
0
Let t = 28 - -1. Let q(u) = u**3 + 27*u**2 + 28*u + 63. Calculate the remainder when t is divided by q(-26).
7
Let m = 66 + 25. Calculate the remainder when m is divided by 24.
19
Let n be 0/(-2)*(3 - 4). Suppose c - 2*c + h + 1 = n, -5*c - 5*h = -35. Calculate the remainder when 18 is divided by c.
2
Let s(k) = 7*k - 102. Calculate the remainder when 882 is divided by s(23).
56
Let g = 374 - 341. What is the remainder when 36 is divided by g?
3
Let m be -5*(2 - 72/15). Suppose -5*c = -31 - m. Calculate the remainder when (4 - 8 - 0) + c is divided by 2.
1
Suppose 91*a = 99*a - 64. Calculate the remainder when a is divided by 1.
0
Let u(o) = 0*o - 3*o - 8 - o. Let c be u(5). Let d = c + 39. Calculate the remainder when 43 is divided by d.
10
Suppose 7*o + 24 = 9*o. Calculate the remainder when o is divided by 6/4*20/3.
2
Let v be 6/(-39) + -5 + 1218/(-26). Calculate the remainder when 23 is divided by (-455)/v - (9/12 - 0).
7
Suppose -28 + 427 = 21*z. Suppose -3*m - 94 = -5*m. Calculate the remainder when m is divided by z.
9
Let o = -577 + 588. Suppose 47 = 5*b + 12. Calculate the remainder when o is divided by b.
4
What is the remainder when 366 is divided by (-18)/(6/(-60)*6)?
6
Let l = 2 - 2. Suppose l = -2*r + 7*r - 135. Suppose -144 = -3*f - k - 2*k, -4*k + 140 = 3*f. Calculate the remainder when f is divided by r.
25
Suppose 2*c + 375 = 7*c. What is the remainder when c is divided by 13?
10
Suppose -3*r = 4*z - 34, 4*z - 4 = 2*r - 60. Calculate the remainder when 61 is divided by r.
7
Let u(b) = 65*b + 338. Let q = 7 + -5. What is the remainder when u(-5) is divided by q?
1
Suppose 5*k = 7*k. Suppose -g - 4*g + 130 = k. What is the remainder when 77 is divided by g?
25
Let c(i) = 9*i - 114. What is the remainder when c(29) is divided by 48?
3
Let i(u) = -30*u - 114. Calculate the remainder when 92 is divided by i(-5).
20
Suppose 0 = -37*p + 39*p + 6. What is the remainder when 20 is divided by (4 - 8)/(2/p)?
2
Suppose 5*r - 250 = -5*k, -3*r - k + 146 = 4*k. Suppose 4*w - 208 = r. Let f = 10 + 7. What is the remainder when w is divided by f?
14
Suppose -3*t = -9 - 225. Calculate the remainder when t is divided by 27.
24
Suppose 296 = 4*o - 2*f, 7*f = 5*o + 4*f - 368. What is the remainder when 214 is divided by o?
62
Let s(b) = -b**2 + 85*b + 919. What is the remainder when 202 is divided by s(-9)?
56
Let j = -560 - -1435. Suppose -j = -8*t + 1677. Calculate the remainder when t is divided by 40.
39
Let g be (-3)/(-12) + (-145)/20. Let m(s) = -s**3 - 6*s**2 + 5*s - 6. Calculate the remainder when m(g) is divided by 5.
3
Let i(a) = a**3 - 13*a**2 - 27*a - 6. Calculate the remainder when 150 is divided by i(15).
33
Suppose 213 = -2*o + 5*o. Suppose 0 = -37*s + 32*s + 75. Calculate the remainder when o is divided by s.
11
Let l = 2567 + -2508. Calculate the remainder when 233 is divided by l.
56
Let a(s) = -s**2 + s. Let w(m) = -12*m**2. Let t(x) = -a(x) - w(x). What is the remainder when 96 is divided by t(2)?
46
Suppose -2*d + 8 = -4. Calculate the remainder when -12*(34/(-136) + (-10)/24) is divided by d.
2
Suppose w + 4*w = 135. Suppose 109*n = 106*n + 12, -5*j = 3*n - 87. What is the remainder when w is divided by j?
12
Let a = -2 + 27. Suppose 3*r - k - 144 = 0, 0 = -2*r + 2*k + 47 + 53. What is the remainder when r is divided by a?
22
Let z be 12/2 + -2 - 0. What is the remainder when 33/2 - z/8 is divided by 9?
7
Let t(j) = j**2 - 12*j - 19. Let q be t(20). Suppose 171*k - 174*k + q = 0. What is the remainder when k is divided by 12?
11
Let t(m) = -10*m - 35. Let z be t(-3). Let l(w) = w**2 + w - 7. Calculate the remainder when (-1)/3 + 91/3 + z is divided by l(-5).
12
Suppose -2*i = -8, 0 = -2*t + i + 87 - 21. What is the remainder when 100 is divided by t?
30
Calculate the remainder when 74 is divided by (60/27)/(-5) + (-616)/(-9).
6
Suppose 4*g = -7*c + 10*c - 26, 2*c - g - 14 = 0. Suppose -c*a + 83 + 73 = 0. Calculate the remainder when a is divided by 10.
6
Let p(j) = j**3 + 11*j**2 + j + 15. Let o = -18 - 8. Let b = o - -39. Calculate the remainder when b is divided by p(-11).
1
Suppose -h - 8 = -3*d, -15*d + 16*d - 3 = 0. Calculate the remainder when 14 is divided by h.
0
Let j = 75 - 68. What is the remainder when 76 is divided by j?
6
Suppose 19*p - 25*p = -1308. Let y = p - 135. Calculate the remainder when y is divided by 17.
15
Let h = -51 + 26. Let j = 14 - h. Calculate the remainder when j is divided by 11.
6
Suppose 3026 = 11*w - 65. What is the remainder when w is divided by 25?
6
Suppose j = 3*q - 83 - 59, -2*j = -2*q + 100. Calculate the remainder when 137 is divided by q.
45
Suppose -3*q = k - 787, -4*k - 112 = -q + 159. What is the remainder when q is divided by 37?
4
Let f = 1016 - 911. Calculate the remainder when 325 is divided by f.
10
Let i be 39*(3/(-21))/((-3)/7). Suppose -i*p + 100 = -9*p. What is the remainder when p is divided by 15?
10
Suppose u + 0*b = b + 33, -3*u + 2*b + 96 = 0. What is the remainder when 235 is divided by u?
25
Let a = -44 - -68. Let v(h) = 5*h**2 + 22*h - 2. Calculate the remainder when v(-6) is divided by a.
22
Let l = -63 - -67. Suppose -5*f + 40 = 4*r + r, -l*r + 3*f = -67. What is the remainder when 48 is divided by r?
9
What is the remainder when 66 is divided by (-6)/10 + 1 + (-1602)/(-45)?
30
Suppose -10*z + 7*z - 12 = 0, 0 = -5*c + 2*z + 93. What is the remainder when 81 is divided by c?
13
Let w(f) = -f**3 - 9*f**2 - 19*f - 18. What is the remainder when 235 is divided by w(-7)?
14
Let f = 18 - 14. Suppose 0 = 6*g - f*g. Suppose g = -0*a - 5*a + 130. What is the remainder when a is divided by 9?
8
Suppose 4*p - 3*r = -0*p + 323, p = -r + 72. Suppose -4*o = -p - 11. What is the remainder when 63 is divided by o?
19
Suppose -3*z + 5*z - 3*m = 384, 3*m - 12 = 0. Calculate the remainder when z is divided by 40.
38
Let n(f) = 168*f**3 - 3*f**2 + 2*f. Calculate the remainder when n(1) is divided by 57.
53
Let h = -5 + 22. Let t be -5*(-1272)/28*21/15. Suppose 7*a - t = 137. What is the remainder when a is divided by h?
14
Let x be 2/(-5) - 24/(-10). Suppose -3*z = -i - z - 3, x*i + 3*z = 15. Suppose i*d - 3 - 6 = 0. Calculate the remainder when 10 is divided by d.
1
Let h = -4 - 10. Let p be (8/h)/(7/(-49)). Suppose -5*z + 4*z + g + 20 = 0, -p*z - 4*g = -56. What is the remainder when 31 is divided by z?
14
Let d be ((-2)/3)/((-461)/153 + 3). Let i = d - 30. What is the remainder when 62 is divided by i?
20
Let x = -28 - -33. Suppose 2*d + 118 = 2*w, 0*d = 3*w - x*d - 169. Calculate the remainder when w is divided by 13.
11
Let j(p) = 4*p**2 - 67. Calculate the remainder when j(-7) is divided by 33.
30
Suppose -k - 21*j = -20*j - 71, 339 = 5*k - 3*j. Calculate the remainder when k is divided by 26.
17
Suppose 0 = -3*n - 2*b - 61, -4*n + 9*n = 5*b - 110. Let m = n - 69. Let c = -56 - m. Calculate the remainder when c is divided by 9.
7
Suppose -2*c - 38 = 3*o + 2*o, 0 = 4*o + 4*c + 40. Let k(j) = 2*j + 8. Let y be k(o). Let n = 34 + y. What is the remainder when n is divided by 16?
14
Let z(f) = 2*f - 17. Let a be z(11). Suppose 0 = a*w + 2*w - 35. Suppose -3*l - 5*q + 17 = 0, 2*l + 4*q - 10 = -0. What is the remainder when l is divided by w?
4
Let s(h) = h + 80. Let d = 43 - 22. What is the remainder when s(d) is divided by 15?
11
Let q be (210/(-4))/(1/(-4)). Let s = q + -140. Calculate the remainder when s is divided by 24.
22
Let q be 0 + -1 + (-189)/7 + 2. Let p = q - -97. What is the remainder when p is divided by 20?
11
Let u(l) = l**3 + 7*l**2 + l - 9. Let b = 37 + -41. What is the remainder when u(b) is divided by 12?
11
Let r = 796 + -671. What is the remainder when r is divided by 24?
5
Suppose 28*r = 14*r + 1358. Suppose 2*i + 4 = 0, -i = -5*t - 5*i + 92. What is the remainder when r is divided by t?
17
Let k = 19 - 12. Let h = k + 2. What is the remainder when 24 is divided by h?
6
Let r = 112 + -92. Let q be (-4)/(-12) - 7/3. Calculate the remainder when 1 + (30 + q)*2 is divided by r.
17
Suppose 